{"id":16,"date":"2015-09-01T18:34:49","date_gmt":"2015-09-01T16:34:49","guid":{"rendered":"http:\/\/rot-weissgrossglienicke.de\/\/\/\/\/\/\/\/\/\/\/\/\/\/?page_id=16"},"modified":"2016-02-08T22:05:49","modified_gmt":"2016-02-08T21:05:49","slug":"fanprojekt-glienicker-knabenchor","status":"publish","type":"page","link":"https:\/\/rot-weissgrossglienicke.de\/index.php\/fussball\/fanprojekt-glienicker-knabenchor\/","title":{"rendered":"Fanprojekt"},"content":{"rendered":"<h1>Fanprojekt Glienicker Knabenchor<\/h1>\n<p>Der Glienicker Knabenchor agiert als eigenst\u00e4ndige Gemeinschaft, die sich zwar voll und ganz mit dem Verein SG Rot-Wei\u00df Gro\u00df Glienicke identifiziert, aber dennoch voll und ganz im eigenen Namen handelt.<\/p>\n<p>Mai 2011. Es sprach sich schnell herum, dass unsere damalige E1 das Kreispokalfinale in T\u00f6plitz erreicht hatte. Dieses Finale sollte am Herrentag stattfinden. Als dann bekannt wurde, dass f\u00fcr dieses Spiel ein Fan-Bus gemietet wurde, entschieden sich ca. 40 Leute, spontan an dieser Fahrt teilzunehmen. Dieses war die inoffizielle Geburtsstunde des Glienicker Knabenchors.<\/p>\n<p>Das Finale wurde damals leider mit 2:1 gegen Beelitz verloren. Das Fanprojekt verlief somit erst einmal im Sand.<\/p>\n<p>Als sich dann Anfang 2012 immer mehr abzeichnete, dass die E-Jugend wieder das Pokalfinale erreichen w\u00fcrde, nahm das Projekt Knabenchor immer mehr Gestalt an. Mit dem Wissen, dass das Finale wieder auf den Herrentag f\u00e4llt, wurden Fanges\u00e4nge entwickelt und ein Fangesangsvideo dazu aufgenommen. Mit dem Halbfinal-Sieg (10:1 gegen Falkensee\/Finkenkrug) der E-Jugend wurde das Finalticket gesichert. Direkt im Anschluss wurde mit Hockdruck an einer Choreografie f\u00fcr das Finale in Beelitz gearbeitet. Mehrere Fahnen wurden angefertigt, Sticker entworfen und Ballons + Helium bestellt. Zeitgleich konnte man auf der frisch angelegten <a href=\"https:\/\/de-de.facebook.com\/glienickerknabenchor\/\" target=\"_blank\">Facebook-Seite<\/a> (Glienicker Knabenchor \u2013 GG Ultras) die neusten Infos lesen. Vom Verein aus fuhr wieder ein gemieteter Fan-Bus. In Sachen Fans gab es eine Steigerung zum Vorjahr. Ca. 80 Personen unterst\u00fctzen die Jungs im Finale gegen den RSV Eintracht Teltow.<\/p>\n<p>Mit dem Finalsieg (2:1 n. V.) war ein dauerhaftes Bestehen des Knabenchores beschlossene Sache.<br \/>\nViele Projekte sind seitdem entstanden. So wurden DVD\u2019s mit dem Pokalsieg unter die Leute gebracht und viele Spiele der Jugendmannschaften unterst\u00fctzt. Des Weiteren wurden Bestellscheine f\u00fcr unsere Knabenchor-Shirts und \u2013Pullover ausgeteilt. Der Andrang war gewaltig!<br \/>\nUm die Zeit bis zum n\u00e4chsten Pokalfinale zu \u00fcberbr\u00fccken, wurde geplant, die Junioren bei der Hallenbestenermittlung zu unterst\u00fctzen! \ud83d\ude09<\/p>\n","protected":false},"excerpt":{"rendered":"<p>Fanprojekt Glienicker Knabenchor Der Glienicker Knabenchor agiert als eigenst\u00e4ndige Gemeinschaft, die sich zwar voll und ganz mit dem Verein SG Rot-Wei\u00df Gro\u00df Glienicke identifiziert, aber dennoch voll und ganz im eigenen Namen handelt. Mai 2011. Es sprach sich schnell herum, dass unsere damalige E1 das Kreispokalfinale in T\u00f6plitz erreicht hatte. Dieses Finale sollte am Herrentag [&hellip;]<\/p>\n","protected":false},"author":1,"featured_media":0,"parent":8,"menu_order":0,"comment_status":"closed","ping_status":"closed","template":"","meta":{"footnotes":""},"class_list":["post-16","page","type-page","status-publish","hentry"],"_links":{"self":[{"href":"https:\/\/rot-weissgrossglienicke.de\/index.php\/wp-json\/wp\/v2\/pages\/16","targetHints":{"allow":["GET"]}}],"collection":[{"href":"https:\/\/rot-weissgrossglienicke.de\/index.php\/wp-json\/wp\/v2\/pages"}],"about":[{"href":"https:\/\/rot-weissgrossglienicke.de\/index.php\/wp-json\/wp\/v2\/types\/page"}],"author":[{"embeddable":true,"href":"https:\/\/rot-weissgrossglienicke.de\/index.php\/wp-json\/wp\/v2\/users\/1"}],"replies":[{"embeddable":true,"href":"https:\/\/rot-weissgrossglienicke.de\/index.php\/wp-json\/wp\/v2\/comments?post=16"}],"version-history":[{"count":6,"href":"https:\/\/rot-weissgrossglienicke.de\/index.php\/wp-json\/wp\/v2\/pages\/16\/revisions"}],"predecessor-version":[{"id":542,"href":"https:\/\/rot-weissgrossglienicke.de\/index.php\/wp-json\/wp\/v2\/pages\/16\/revisions\/542"}],"up":[{"embeddable":true,"href":"https:\/\/rot-weissgrossglienicke.de\/index.php\/wp-json\/wp\/v2\/pages\/8"}],"wp:attachment":[{"href":"https:\/\/rot-weissgrossglienicke.de\/index.php\/wp-json\/wp\/v2\/media?parent=16"}],"curies":[{"name":"wp","href":"https:\/\/api.w.org\/{rel}","templated":true}]}}